- 5))
5
What is the value of -6 + (-1 - -2) + 6 - -1?
2
Evaluate 6 + 0 + -8 + -9 + 3.
-8
Evaluate -2 - 7 - (13 - 23).
1
3 + 2 + (6 - 4) + -6
1
(-6 - 0 - -11) + (-2 - -2)
5
What is the value of -11 + (9 - (5 + -1))?
-6
2 - (-11 - -9) - (1 + -2)
5
-5 - (4 + (-6 - 10))
7
Calculate (5 - 2) + 2 + -5.
0
What is 0 + 1 - (4 - -7)?
-10
Calculate -6 - (-11 + 8) - 4.
-7
Evaluate -3 + (-6 + 4 - -2).
-3
What is (7 - 3) + 3 - 6?
1
Evaluate (-7 - -8) + 1 - 6.
-4
Calculate 2 + (-1 - 5) - (-10 + 11).
-5
Calculate (-1 - -1) + 1 + 3.
4
What is the value of -4 + (2 - 0) - 1?
-3
Calculate 1 - (23 - 13 - (0 + 4)).
-5
1 + -5 + (-2 - 0) + 1
-5
What is the value of 0 - 7 - (-9 - -7)?
-5
What is -11 - (-1 - -5) - -16?
1
Calculate (2 - 2) + (6 + -2 - 0).
4
What is 13 - ((8 - 8) + 5)?
8
Evaluate 2 + (5 + -5 + 0 - -1).
3
Evaluate (13 + 3 - 9) + -14.
-7
0 - -1 - (-3 - -8)
-4
(7 + 1 - 4 - -2) + -1
5
What is the value of -14 - -9 - (-8 - 0)?
3
What is 0 - (-5 - -5 - 2)?
2
Evaluate -4 - (0 + -7 + 3).
0
What is 9 + 2 + -6 + (-11 - -12)?
6
(101 - 90) + (-6 - 1)
4
Calculate 2 + -5 - 1 - -2.
-2
What is the value of -5 + (1 - (4 + -2) - -1)?
-5
Evaluate (2 - 2) + -2 + 1 - -2.
1
Calculate (3 - -7) + -7 - (1 - -8).
-6
Calculate -5 + 1 - (7 - (15 + -7)).
-3
-4 + 8 - (5 + -1)
0
3 - 2 - ((-2 - 1) + 9)
-5
Evaluate (-3 - 1) + (72 - 73).
-5
Calculate 5 + (-7 - (-4 - -1) - -3).
4
Evaluate (-2 - 0) + (2 + -1 - -4).
3
Evaluate (2 - (-3 + 13)) + -2.
-10
(4 - (1 - 2 - -5)) + 3
3
-2 - (26 + -10 + -11)
-7
Calculate -6 - (-7 - (2 - 5)).
-2
Calculate (1 - 2) + 0 + 1.
0
4 - 1 - (17 - 22)
8
Evaluate -7 - -3 - (-7 - -1).
2
(-1 - -2 - (0 + -1)) + -4
-2
Calculate -2 - (12 + -20 + 8 + 3).
-5
Evaluate 0 - 3 - (30 + -27).
-6
What is 11 - (-6 - (7 - 16))?
8
Calculate 17 + -17 + (1 - (2 - -2)).
-3
Evaluate 5 + (2 - 2) + -3.
2
Evaluate (0 + -1 - -4) + -2 + -1.
0
What is the value of -7 + (13 - 5) + -5?
-4
Calculate -2 - (-3 - -7 - 3).
-3
What is 0 - 0 - 5 - (-10 + 10)?
-5
-4 + (-3 - -8) + 1
2
(2 - (1 + -3)) + -2
2
What is the value of 3 - ((-5 + 2 - -8) + -2)?
0
(0 - (8 - (-8 - -15))) + 7
6
What is the value of (2 - 5) + (8 - 4) + -3?
-2
What is the value of 1 + (-4 - (-4 + 4)) + 3?
0
What is the value of -5 - (-7 - (5 - 7 - 0))?
0
Calculate 3 + (-2 - (-5 + 2) - 9).
-5
Calculate 0 + 0 + (-3 - 9) + 11.
-1
What is -1 - ((2 - 1) + 2 + 0)?
-4
What is the value of 4 + 8 + (-10 - -4) + -3?
3
-4 - (-13 + 7 - -2)
0
(-3 - -1) + 114 + -109
3
Evaluate -1 - (-5 + 12 - 6).
-2
What is the value of 0 + (-2 - (3 - -2))?
-7
What is the value of 6 - (-2 + 5 + -5 + 2)?
6
What is 2 - -1 - (-1 + -1)?
5
Evaluate (-7 - (0 + 0)) + -3 + 5.
-5
Calculate 16 + (3 + -6 - 5) + -9.
-1
What is the value of 182 + -171 - (6 - -1)?
4
What is the value of 28 + -14 + -11 + -1 + 4?
6
What is the value of (15 - 6) + 2 - 6?
5
Evaluate 9 + (-6 - (6 - 6)).
3
What is the value of 3 - 4 - (1 - 7)?
5
What is the value of (18 - (7 - 3)) + -6?
8
Evaluate 13 - 6 - (5 - 2) - 0.
4
What is 7 - (-1 - 5 - -10)?
3
What is 3 + (4 - 9) - 1?
-3
What is 2 + 9 + -1 + -8?
2
Calculate -1 + -2 + 8 + -6 + 1.
0
What is the value of 1 + (-1 + 7 - 4)?
3
(-8 - (1 - 3)) + -4 + 6
-4
What is -17 - -19 - (-1 - 0)?
3
What is -7 - (10 + (9 - 22))?
-4
-2 + 3 + 0 - 3 - -5
3
Calculate 6 + (0 + -3 - 1) + 4.
6
Evaluate (4 - (3 - 1)) + 0 + -5.
-3
What is 2 - (-10 - -2 - -4 - 0)?
6
Evaluate -2 + (2 - (-2 + 3)) + -3.
-4
-1 - (-2 + 0 + 0) - 1
0
What is the value of 4 + (-12 - -1) + 2 - -1?
-4
What is the value of -5 + 2 - (-11 + (12 - 5))?
1
Evaluate -2 - (-5 + -2 + -1).
6
(0 - (3 + 1)) + 3
-1
What is the value of (2 + 2 - 7) + 4 - 2?
-1
Calculate 10 + (-14 - (-14 - -8)).
2
Calculate (-17 - 7) + 12 - (0 + -6).
-6
What is (-4 - (-10 + 4)) + (-6 - -1)?
-3
-9 - -9 - (1 + 1) - -4
2
Evaluate -1 + 11 + (4 - (12 + -2)).
4
Calculate 2 - 5 - (-9 - -7).
-1
19 + -21 + (2 - -1 - 1)
0
Evaluate 0 + (12 - 16) + 2.
-2
Evaluate -1 + 5 + 6 + -8.
2
Calculate 5 + (-11 - ((5 - 13) + 4)).
-2
Evaluate 4 + (-3 - 0) + (3 - 1).
3
Calculate -7 - (-7 - -6 - 1).
-5
What is (6 - 14 - -14) + (-14 - 0)?
-8
What is 3 + -2 + -2 - (4 + -10)?
5
3 + (2 + 2 - (7 - 5))
5
What is (-5 - -3 - -6) + -5 + 6?
5
8 + (8 - 9 - 20) - -6
-7
What is 5 + (9 - (-2 + 17))?
-1
What is the value of 1 + (-2 - -5 - 0)?
4
Evaluate 4 + -3 + 2 - (12 - 9).
0
What is 0 - (3 + 2 + -2) - 2?
-5
What is -2 + -8 + 0 + (2 - -3)?
-5
Calculate -5 - (7 - 15 - -6).
-3
Evaluate 2 + -7 + 0 + 6.
1
What is the value of 22 + -25 + (0 + 1 - 0)?
-2
Calculate (1 - (-3 + 0)) + -31 + 30.
3
What is the value of -1 + (-6 - 2 - -4)?
-5
Calculate -7 + 0 + 4 + -1 - -2.
-2
(4 - 3) + -13 + 7
-5
-9 + (11 - -5 - 1)
6
What is the value of -1 - (-11 + 1 + 10)?
-1
What is the value of -34 - -35 - (-4 - (-1 + 0))?
4
Evaluate (-2 - -3) + 2 + (-10 - -6).
-1
What is (0 - 0) + -7 + (-57 - -57)?
-7
What is -6 - (-16 + 6 - 3)?
7
Calculate 5 + -3 + 1 + (-1 - 2).
0
What is 0 + (-3 - -1 - (0 - 3))?
1
Calculate (-26 - -20) + (4 - 2) + 10.
6
Evaluate 3 + 1 + -1 + -10 + 15.
8
What is -13 - (-12 + -11 + 11)?
-1
Calculate -4 + -2 + 11 + -6.
-1
What is -1 + (-5 + 6 - 1)?
-1
What is the value of (-4 - -2) + 2 + -5?
-5
Calculate -13 + 6 + -4 + 7 + 0.
-4
Evaluate -18 + 4 + 1 + 7.
-6
Evaluate 1 - 1 - (2 + 0) - -5.
3
Calculate 10 + -4 + 3 - 4.
5
Evaluate -7 - ((1 - -8) + (-28 - -23)).
-11
Calculate (2 - 4) + -1 + -1.
-4
0 + (2 - -2) + (-20 - -14)
-2
1 - 5 - -10 - (0 - -1)
5
What is 0 + -5 + 13 + 8 + -9?
7
(10 - (9 - 6)) + -6 - -3
4
What is the value of -8 + (5 - 3) + -5 + 9?
-2
Evaluate (-1 - 4) + 38 + -35.
-2
Evaluate (0 - 0 - (-1 + 5)) + -1.
-5
Evaluate (1 - 4) + -6 + 8.
-1
Calculate 3 - (2 + -1) - 4.
-2
Evaluate 4 - (0 + 4 - (2 - 6)).
-4
What is the value of (-3 - -5 - 4) + 6?
4
1 + -2 + 2 + -3 + 5
3
-1 - (-2 - (-6 + 3))
-2
What is 0 + (-4 - (-6 - (-8 + 5)))?
-1
-3 - (4 + -5) - -6
4
Evaluate (16 - 2) + -33 + 29 - 8.
2
Evaluate 0 - (0 + 0 + (-2 - 2)).
4
What is 5 + (16 - 6 - 6) - 2?
7
-6 + (1 - 3) - (-7 + -12)
11
Calculate (16 - 17) + (-6 - -12).
5
What is the value of (5 - 12) + 6 - 2?
-3
Evaluate 1 - (4 - -4) - -10.
3
Evaluate -1 + (3 - 3) + (9 - 2).
6
Evaluate 2 - (-2 + 1 + 3) - 3.
-3
What is 2 - (-5 + 9 + 1) - -10?
7
Calculate 5 + (3 - (5 - 5 - -3)).
5
Calculate -4 + (-5 + 6 + 0 - -1).
-2
What is (2 - 1) + 1 + 3?
5
Evaluate 2 - 0 - (6 + -7 + -1).
4
Calculate 1 + (4 + -3 - 4).
-2
0 - (1 + 0 - (-98 - -98))
-1
What is -1 + (8 - (1 - -3))?
3
What is the value of 0 + (1 - (5 - 10) - 5)?
1
What is the value of -2 + 1 + -134 + 135?
0
What is the value of (-4 + 2 - -2) + (-21 - -25)?
4
What is the value of 7 + (-12 - (4 - (1 - -1)))?
-7
What is the value of 19 - 14 - 0 - 9?
-4
-1 + (-19 + 9 - -5)
-6
Evaluate 5 + -1 - (-3 - -2).
5
What is -1 - 1 - (1 + 4 + -2)?
-5
Calculate 2 - (3 + -1) - (23 - 27).
4
What is the value of -12 - (-7 - -9 - 11)?
-3
-5 + (4 - 0 - -2)
1
Calculate (-15 - -8) + 3 + 0.
-4
Evaluate 4 - (-3 + 16 - (-10 - -12)).
-7
(-4 - 1) + 1 + 0
-4
Calculate -3 + (-2 + 2 - 2).
-5
Evaluate 4 + -6 + (4 - 0) + 4.
6
What is the value of (-3 - 0) + 7 + (1 - 10)?
-5
What is the value of 4 + -4 - (-3 - (-6 - -2))?
-1
What is -3 + 3 + (-1 - -2 - 4)?
-3
What is (-13 + (9 - 4) - -7) + -1?
-2
What is 9 - (-2 - -1 - -14)?
-4
What is the value of 0 - ((1 - 9) + 9)?
-1
Evaluate -5 + -2 + (4 - -7) + -3.
1
Calculate 0 + -5 + 6 + 2.
3
What is 8 + (-1 - 7) + 6?
6
Evaluate -3 + (3 - -4) - 8.
-4
Calculate 1 - (-8 + 7) - (1 + 1).
0
Evaluate (-4 - -1) + 3 - (0 - 0).
0
10 - ((11 + -4 - 7) + 4)
6
Evaluate (10 - 9) + -2 + 0 + -3.
-4
Evaluate -26 - -15 - (-13 + (6 - 0)).
-4
Calculate -4 - (-1 - -4 - 2).
-5
What is 1 - -4 - (24 - (34 + -15))?
0
Calculate 2 - (-4 - ((-6 - -1) + 2)).
3
Calculate (8 - 4) + -4 + -4.
-4
What is -2 + (3 - 0) - 1 - -3?
3
Evaluate (-5 - (-1 + -5 + 3)) + -1.
-3
Evaluate -5 + (10 - 12) - -11.
4
What is 3 + -1 + (1 - 0) + -3?
0
What is the value of (-7 - 0) + 23 + -12 - 12?
-8
Calculate 1 - (-2 - (-7 + 6)) - -2.
4
Calculate 4 + -8 - -3 - 0.
-1
What is 5 + (-12 + 7 - (1 + 1))?
-2
-2 - ((7 - 2) + -3 - 7)
3
Calculate 1 + -2 - (-1 + -1).
1
What is the value of -19 + 20 + -3 + -6?
-8
What is 27 - 24 - (3 + (1 - -3))?
-4
Evaluate -10 + 3 + (13 - 3).
3
Evaluate 1 + 1 - (-2 + (-2 - -8)).
-2
Calculate -9 + -10 + (15 - 2).
-6
What is the value of -1 + 0 + -4 + 7 - -6?
8
9 + (-6 - -10) + -6
7
(-17 - -14) 